{"id":415,"date":"2019-12-10T15:24:53","date_gmt":"2019-12-10T15:24:53","guid":{"rendered":"https:\/\/www.neuronbest.de\/?page_id=415"},"modified":"2020-01-02T17:55:36","modified_gmt":"2020-01-02T17:55:36","slug":"impressum","status":"publish","type":"page","link":"https:\/\/www.neuronbest.de\/index.php\/impressum\/","title":{"rendered":"IMPRESSUM"},"content":{"rendered":"<section class=\"av_textblock_section \"  itemscope=\"itemscope\" itemtype=\"https:\/\/schema.org\/CreativeWork\" ><div class='avia_textblock  '   itemprop=\"text\" ><h1>Impressum<\/h1>\n<h3 id=\"m46\">Diensteanbieter<\/h3>\n<p>NeuronBEST UG (haftungsbeschr\u00e4nkt)<br \/>\nH\u00fcttestr. 7<br \/>\n46117 Oberhausen<br \/>\nDeutschland<\/p>\n<h3 id=\"m56\">Kontaktm\u00f6glichkeiten<\/h3>\n<p>E-Mail-Adresse: neuronbest@web.de<\/p>\n<p>Telefon: 0208 63555994<\/p>\n<h3 id=\"m58\">Angaben zum Unternehmen<\/h3>\n<p>Umsatzsteuer Identifikationsnummer (USt-ID): DE293971347<\/p>\n<p>AGB: <a href=\"https:\/\/www.neuronbest.de\/index.php\/agb\/\">https:\/\/www.neuronbest.de\/index.php\/agb\/<\/a><\/p>\n<h3 id=\"m151\">Register und Registernummer<\/h3>\n<p>Handelsregister<\/p>\n<p>Gef\u00fchrt bei: Amtsgericht Duisburg<\/p>\n<p>Nummer: HRB 32369<\/p>\n<h3 id=\"m174\">Online-Streitbeilegung (OS)<\/h3>\n<p>Online-Streitbeilegung: Die Europ\u00e4ische Kommission stellt eine Plattform zur Online-Streitbeilegung (OS) bereit, die Sie unter <a href=\"https:\/\/ec.europa.eu\/consumers\/odr\/\">https:\/\/ec.europa.eu\/consumers\/odr\/<\/a> finden. Verbraucher haben die M\u00f6glichkeit, diese Plattform f\u00fcr die Beilegung ihrer Streitigkeiten zu nutzen.<\/p>\n<h3 id=\"m172\">Social Media und andere Onlinepr\u00e4senzen<\/h3>\n<p>Dieses Impressum gilt auch f\u00fcr die folgenden Social-Media-Pr\u00e4senzen und Onlineprofile:<\/p>\n<p>https.\/\/facebook.com\/neuronbest<\/p>\n<h3 id=\"m65\">Haftungs- und Urheberrechtshinweise<\/h3>\n<p><strong>Haftungsausschluss<\/strong>: Die Inhalte dieses Onlineangebotes wurden sorgf\u00e4ltig und nach unserem aktuellen Kenntnisstand erstellt, dienen jedoch nur der Information und entfalten keine rechtlich bindende Wirkung, sofern es sich nicht um gesetzlich verpflichtende Informationen (z.B. das Impressum, die Datenschutzerkl\u00e4rung, AGB oder Widerrufsbelehrungen f\u00fcr Verbraucher) handelt. Wir behalten uns vor, die Inhalte vollst\u00e4ndig oder teilweise zu \u00e4ndern oder zu l\u00f6schen, soweit vertragliche Verpflichtungen unber\u00fchrt bleiben. Alle Angebote sind freibleibend und unverbindlich.<\/p>\n<p><strong>Links auf fremde Webseiten<\/strong>: Inhalte fremder Webseiten, auf die wir direkt oder indirekt verweisen, liegen au\u00dferhalb unseres Verantwortungsbereiches und machen wir uns nicht zu Eigen. F\u00fcr alle Inhalte und insbesondere f\u00fcr Sch\u00e4den, die aus der Nutzung der in den verlinkten Webseiten aufrufbaren Informationen entstehen, haftet allein der Anbieter der verlinkten Webseiten.<\/p>\n<p><strong>Urheberrechte und Markenrechte<\/strong>: Alle auf dieser Website dargestellten Inhalte, wie Texte, Fotografien, Grafiken, Marken und Warenzeichen sind durch die jeweiligen Schutzrechte (Urheberrechte, Markenrechte) gesch\u00fctzt. Die Verwendung, Vervielf\u00e4ltigung usw. unterliegen unseren Rechten oder den Rechten der jeweiligen Urheber bzw. Rechteverwalter.<\/p>\n<p><strong>Hinweise auf Rechtsverst\u00f6\u00dfe<\/strong>: Sollten Sie innerhalb unseres Internetauftritts Rechtsverst\u00f6\u00dfe bemerken, bitten wir Sie uns auf diese hinzuweisen. Wir werden rechtswidrige Inhalte und Links nach Kenntnisnahme unverz\u00fcglich entfernen.<\/p>\n<\/div><\/section>\n","protected":false},"excerpt":{"rendered":"","protected":false},"author":2,"featured_media":0,"parent":0,"menu_order":0,"comment_status":"closed","ping_status":"closed","template":"","meta":[],"yoast_head":"<!-- This site is optimized with the Yoast SEO plugin v19.4 - https:\/\/yoast.com\/wordpress\/plugins\/seo\/ -->\n<title>IMPRESSUM - NEURONBEST<\/title>\n<meta name=\"robots\" content=\"index, follow, max-snippet:-1, max-image-preview:large, max-video-preview:-1\" \/>\n<link rel=\"canonical\" href=\"https:\/\/www.neuronbest.de\/index.php\/impressum\/\" \/>\n<meta property=\"og:locale\" content=\"de_DE\" \/>\n<meta property=\"og:type\" content=\"article\" \/>\n<meta property=\"og:title\" content=\"IMPRESSUM - NEURONBEST\" \/>\n<meta property=\"og:url\" content=\"https:\/\/www.neuronbest.de\/index.php\/impressum\/\" \/>\n<meta property=\"og:site_name\" content=\"NEURONBEST\" \/>\n<meta property=\"article:publisher\" content=\"http:\/\/www.facebook.com\/neuronbest\" \/>\n<meta property=\"article:modified_time\" content=\"2020-01-02T17:55:36+00:00\" \/>\n<meta name=\"twitter:card\" content=\"summary_large_image\" \/>\n<meta name=\"twitter:label1\" content=\"Gesch\u00e4tzte Lesezeit\" \/>\n\t<meta name=\"twitter:data1\" content=\"2\u00a0Minuten\" \/>\n<script type=\"application\/ld+json\" class=\"yoast-schema-graph\">{\"@context\":\"https:\/\/schema.org\",\"@graph\":[{\"@type\":\"Organization\",\"@id\":\"https:\/\/www.neuronbest.de\/#organization\",\"name\":\"NeuronBEST UG (haftungsbeschr\u00e4nkt)\",\"url\":\"https:\/\/www.neuronbest.de\/\",\"sameAs\":[\"http:\/\/www.facebook.com\/neuronbest\"],\"logo\":{\"@type\":\"ImageObject\",\"inLanguage\":\"de\",\"@id\":\"https:\/\/www.neuronbest.de\/#\/schema\/logo\/image\/\",\"url\":\"https:\/\/www.neuronbest.de\/wp-content\/uploads\/2019\/11\/logo.png\",\"contentUrl\":\"https:\/\/www.neuronbest.de\/wp-content\/uploads\/2019\/11\/logo.png\",\"width\":600,\"height\":238,\"caption\":\"NeuronBEST UG (haftungsbeschr\u00e4nkt)\"},\"image\":{\"@id\":\"https:\/\/www.neuronbest.de\/#\/schema\/logo\/image\/\"}},{\"@type\":\"WebSite\",\"@id\":\"https:\/\/www.neuronbest.de\/#website\",\"url\":\"https:\/\/www.neuronbest.de\/\",\"name\":\"NEURONBEST\",\"description\":\"Vitalstoffkomplex - Die Besten vereint\",\"publisher\":{\"@id\":\"https:\/\/www.neuronbest.de\/#organization\"},\"potentialAction\":[{\"@type\":\"SearchAction\",\"target\":{\"@type\":\"EntryPoint\",\"urlTemplate\":\"https:\/\/www.neuronbest.de\/?s={search_term_string}\"},\"query-input\":\"required name=search_term_string\"}],\"inLanguage\":\"de\"},{\"@type\":\"WebPage\",\"@id\":\"https:\/\/www.neuronbest.de\/index.php\/impressum\/\",\"url\":\"https:\/\/www.neuronbest.de\/index.php\/impressum\/\",\"name\":\"IMPRESSUM - NEURONBEST\",\"isPartOf\":{\"@id\":\"https:\/\/www.neuronbest.de\/#website\"},\"datePublished\":\"2019-12-10T15:24:53+00:00\",\"dateModified\":\"2020-01-02T17:55:36+00:00\",\"breadcrumb\":{\"@id\":\"https:\/\/www.neuronbest.de\/index.php\/impressum\/#breadcrumb\"},\"inLanguage\":\"de\",\"potentialAction\":[{\"@type\":\"ReadAction\",\"target\":[\"https:\/\/www.neuronbest.de\/index.php\/impressum\/\"]}]},{\"@type\":\"BreadcrumbList\",\"@id\":\"https:\/\/www.neuronbest.de\/index.php\/impressum\/#breadcrumb\",\"itemListElement\":[{\"@type\":\"ListItem\",\"position\":1,\"name\":\"Startseite\",\"item\":\"https:\/\/www.neuronbest.de\/\"},{\"@type\":\"ListItem\",\"position\":2,\"name\":\"IMPRESSUM\"}]}]}<\/script>\n<!-- \/ Yoast SEO plugin. -->","yoast_head_json":{"title":"IMPRESSUM - NEURONBEST","robots":{"index":"index","follow":"follow","max-snippet":"max-snippet:-1","max-image-preview":"max-image-preview:large","max-video-preview":"max-video-preview:-1"},"canonical":"https:\/\/www.neuronbest.de\/index.php\/impressum\/","og_locale":"de_DE","og_type":"article","og_title":"IMPRESSUM - NEURONBEST","og_url":"https:\/\/www.neuronbest.de\/index.php\/impressum\/","og_site_name":"NEURONBEST","article_publisher":"http:\/\/www.facebook.com\/neuronbest","article_modified_time":"2020-01-02T17:55:36+00:00","twitter_card":"summary_large_image","twitter_misc":{"Gesch\u00e4tzte Lesezeit":"2\u00a0Minuten"},"schema":{"@context":"https:\/\/schema.org","@graph":[{"@type":"Organization","@id":"https:\/\/www.neuronbest.de\/#organization","name":"NeuronBEST UG (haftungsbeschr\u00e4nkt)","url":"https:\/\/www.neuronbest.de\/","sameAs":["http:\/\/www.facebook.com\/neuronbest"],"logo":{"@type":"ImageObject","inLanguage":"de","@id":"https:\/\/www.neuronbest.de\/#\/schema\/logo\/image\/","url":"https:\/\/www.neuronbest.de\/wp-content\/uploads\/2019\/11\/logo.png","contentUrl":"https:\/\/www.neuronbest.de\/wp-content\/uploads\/2019\/11\/logo.png","width":600,"height":238,"caption":"NeuronBEST UG (haftungsbeschr\u00e4nkt)"},"image":{"@id":"https:\/\/www.neuronbest.de\/#\/schema\/logo\/image\/"}},{"@type":"WebSite","@id":"https:\/\/www.neuronbest.de\/#website","url":"https:\/\/www.neuronbest.de\/","name":"NEURONBEST","description":"Vitalstoffkomplex - Die Besten vereint","publisher":{"@id":"https:\/\/www.neuronbest.de\/#organization"},"potentialAction":[{"@type":"SearchAction","target":{"@type":"EntryPoint","urlTemplate":"https:\/\/www.neuronbest.de\/?s={search_term_string}"},"query-input":"required name=search_term_string"}],"inLanguage":"de"},{"@type":"WebPage","@id":"https:\/\/www.neuronbest.de\/index.php\/impressum\/","url":"https:\/\/www.neuronbest.de\/index.php\/impressum\/","name":"IMPRESSUM - NEURONBEST","isPartOf":{"@id":"https:\/\/www.neuronbest.de\/#website"},"datePublished":"2019-12-10T15:24:53+00:00","dateModified":"2020-01-02T17:55:36+00:00","breadcrumb":{"@id":"https:\/\/www.neuronbest.de\/index.php\/impressum\/#breadcrumb"},"inLanguage":"de","potentialAction":[{"@type":"ReadAction","target":["https:\/\/www.neuronbest.de\/index.php\/impressum\/"]}]},{"@type":"BreadcrumbList","@id":"https:\/\/www.neuronbest.de\/index.php\/impressum\/#breadcrumb","itemListElement":[{"@type":"ListItem","position":1,"name":"Startseite","item":"https:\/\/www.neuronbest.de\/"},{"@type":"ListItem","position":2,"name":"IMPRESSUM"}]}]}},"_links":{"self":[{"href":"https:\/\/www.neuronbest.de\/index.php\/wp-json\/wp\/v2\/pages\/415"}],"collection":[{"href":"https:\/\/www.neuronbest.de\/index.php\/wp-json\/wp\/v2\/pages"}],"about":[{"href":"https:\/\/www.neuronbest.de\/index.php\/wp-json\/wp\/v2\/types\/page"}],"author":[{"embeddable":true,"href":"https:\/\/www.neuronbest.de\/index.php\/wp-json\/wp\/v2\/users\/2"}],"replies":[{"embeddable":true,"href":"https:\/\/www.neuronbest.de\/index.php\/wp-json\/wp\/v2\/comments?post=415"}],"version-history":[{"count":7,"href":"https:\/\/www.neuronbest.de\/index.php\/wp-json\/wp\/v2\/pages\/415\/revisions"}],"predecessor-version":[{"id":775,"href":"https:\/\/www.neuronbest.de\/index.php\/wp-json\/wp\/v2\/pages\/415\/revisions\/775"}],"wp:attachment":[{"href":"https:\/\/www.neuronbest.de\/index.php\/wp-json\/wp\/v2\/media?parent=415"}],"curies":[{"name":"wp","href":"https:\/\/api.w.org\/{rel}","templated":true}]}}